- s - 1. Let m be y(-1). Let b(q) be the second derivative of 7*q**3/6 - q**2/2 + 46*q - 2. What is b(m)?
-8
Suppose 4*s - c + 1 = -31, 0 = -2*s - c - 10. Let y(r) = -r**3 - 8*r**2 - 4*r - 2. Give y(s).
-23
Let a be ((-16)/6)/(10/(-15)). Suppose 3*s = 5*v - v + 23, a*s + 2*v = 16. Let t(n) = -n + n**2 + 4*n + n**3 + 5 - 4 - s*n. What is t(1)?
1
Let s(v) be the third derivative of v**4/24 - v**3/2 - 29*v**2 + 2*v. What is s(5)?
2
Let j = 40 - 36. Let g be j + (-9)/((-45)/10). Let a(b) = -b**3 + 5*b**2 + 5*b. Calculate a(g).
-6
Let q be (-1)/(-2) - 9/2. Let x(l) = -7*l**3 + 12*l**2 + 39*l + 4. Let z(j) = -23*j**3 + 38*j**2 + 126*j + 13. Let r(f) = 13*x(f) - 4*z(f). What is r(q)?
-12
Let p(u) = -2 - 10 - 6 + 5*u + 7 - 4. Calculate p(4).
5
Let t = -11 + -7. Let o = 23 + t. Suppose o = 2*r + 3. Let y(q) = 6*q**3 - 2*q**2 + 2*q - 1. What is y(r)?
5
Let m(r) = 6*r + 1. Suppose 7*f - 2*f = 195. Let s = 38 - f. What is m(s)?
-5
Let a(j) = j**3 + 7*j**2 - 11*j - 3. Let v be a(-8). Suppose 8*t - 3*t - d + v = 0, 0 = -t + d - 1. Let q(n) = -n**2 - 4*n + 5. Give q(t).
0
Let t(j) = -7*j - 3. Let i(y) = 4*y + 2. Let o(a) = 8*i(a) + 5*t(a). Calculate o(4).
-11
Let h(p) = -4*p - 2. Let w(j) = -1. Suppose -3*o + 9 = 24. Let q(k) = o*w(k) + h(k). Suppose 0 = 3*f + 9 - 0. Calculate q(f).
15
Let g(b) = -460*b**2 - 7 - 462*b**2 - 2*b + 923*b**2. What is g(3)?
-4
Let v be (-2)/(-3)*120/(-80). Let m(s) = -32*s**3. What is m(v)?
32
Let g(d) be the first derivative of -d**4/4 - 7*d**3/3 - d**2 - 5*d + 200. Determine g(-7).
9
Let q(z) = 2. Let h(s) = 1. Let a(o) = -3*h(o) + 2*q(o). Let m(i) = -3*i - 108 + 5*i + 111 - 5*i**3. Let y(u) = -2*a(u) + m(u). What is y(-1)?
4
Let d(r) = 3*r - 13. Let l be (0 - -1)/(0 - (-1)/(-5)). Let q(s) = 2*s - 7. Let a(p) = l*q(p) + 3*d(p). Give a(0).
-4
Let i(y) = -1505 + 3032 - 13*y - 1511 + 2*y**2. Calculate i(4).
-4
Let q(g) = -g - 2. Let p be q(-4). Suppose 4*b = -0*b - 12, -3*y = -3*b - 24. Let r(l) = -5*l - 4*l**p - 3*l**2 + l**2 - y - l**3. Give r(-5).
-5
Let w(u) = -14*u - 4 - u + 8*u + 5*u - 3. Determine w(3).
-13
Let j(x) be the second derivative of x**5/20 - x**4/4 - x**3/6 - 9*x**2/2 + 305*x - 2. Give j(4).
3
Let x(l) = 6*l**2 + 0*l + 27 - l**3 + 6*l - 33. Let q(a) = 8*a**2 - 12*a + 11. Let r be q(1). What is x(r)?
-13
Suppose -2*i - 4*q - 14 = 0, -i - 12 = 2*q + q. Let c(x) be the first derivative of -3*x + 1/4*x**4 - 2/3*x**3 + 0*x**2 - 1. Give c(i).
6
Let u be (147/(-105))/(2/(-10)). Let t(k) = 7 - 7*k**2 + k**3 - 3 - 8*k + 8*k. What is t(u)?
4
Let j(y) = 2*y**2 - 9*y + 38. Let i(s) = s**2 - 4*s + 19. Let a(x) = 7*i(x) - 3*j(x). Let o = 16 + -16. Calculate a(o).
19
Let u(m) = -m**2 - 8*m - 10. Let z be -3 - ((-126)/(-26) + 6/39). Determine u(z).
-10
Suppose 0 = 114*d - 104*d - 30. Let i be (2 - 1/1)*1. Let w(f) = -7 + f + i - 1. Determine w(d).
-4
Let p(n) = 6*n**2 + n - 5. Let u(o) = 2651 + 2*o**2 - 2647 - 7*o**2. Let j(z) = 4*p(z) + 5*u(z). What is j(4)?
0
Let j(s) = s**3 + 6*s**2 + 6. Let g be (33/9)/((-1)/(-9)). Let a be ((-18)/(-8))/(g/(-88)). Give j(a).
6
Let z(l) = -2*l - 1. Let u be 8*-1*(-8)/24*3. Calculate z(u).
-17
Let i(x) be the first derivative of 7 + 5/2*x**2 - 1/20*x**5 - 6*x + 1/6*x**3 - 5/12*x**4. Let r(l) be the first derivative of i(l). Give r(-5).
0
Let z(o) = -o**2 - 7*o + 7. Suppose -40*u + 4 = -36*u. What is z(u)?
-1
Let s(d) = -d**3 + 9*d**2 - 8*d + 8. Let f(a) = a**2 + 2*a - 7. Let l be f(3). What is s(l)?
8
Let y(u) = u**2 + u + 4. Let i be y(0). Suppose 9 + 11 = i*k. Let r(w) = 3*w**2 - w**3 + 7 - 2 + w**2 + 2*w. Determine r(k).
-10
Let o = 8 + -6. Let t(z) = 2*z**3 + 2*z - 11*z**3 + 8*z**3 + 5*z**2 - o*z**2. Give t(4).
-8
Let l = 2/1437 + 439/28740. Let q(a) be the third derivative of 2/3*a**3 + 0*a + 0 + 3*a**2 + l*a**5 + 1/12*a**4. Give q(-3).
7
Let w = 325 - 330. Let i(z) = -z**2 - 3*z + 4. Determine i(w).
-6
Let i(c) = 5*c - 4*c - 19 + 6*c - 4*c - 4*c. Determine i(-19).
0
Let m(o) = -2*o**3 + 6*o + 5. Suppose 5 = u, 11*n = 12*n - u + 7. What is m(n)?
9
Let d(u) = -u**3 - 3*u**2 + 4*u + 5. Let k = 379 + -381. Give d(k).
-7
Let k be (-6)/21 - 93/(-7). Suppose -3*n + k = v, -v = 4*n - 0*n - 16. Let r(u) = -u**2 + u**2 - 5*u**2 + 2 + 2*u**2 + u**n - u. Calculate r(3).
-1
Let a be (-6 - 54/(-9))/(-3). Let d(p) = -p**2 - 8*p + 9. Let o be d(-9). Let h(z) = -14 + z - z**2 + o*z + 0*z. Give h(a).
-14
Let r(i) = -7*i + 2. Suppose 0 = 3*m + 44 - 26. Let d = 0 - 6. Let w be m/(-12) + d/(-4). Calculate r(w).
-12
Let s(r) be the third derivative of -r**5/60 - r**4/8 + r**3/2 + 6*r**2. Let y be -4 + -1 + -7 + 8. What is s(y)?
-1
Let h(z) = 3*z + 4. Suppose 0*i - 18 = -2*i + 5*k, 0 = -3*i + 3*k + 18. Let b be (4/(-2))/(2/i). Determine h(b).
-8
Suppose 35 = 13*c - 4. Let t(y) = -9*y + 17. Calculate t(c).
-10
Let o be ((-4)/(-8))/((-2)/(-24)). Suppose -o*l = -l + 35. Let y(j) = j - 1. Let k(c) = -c. Let n(t) = -4*k(t) - 3*y(t). What is n(l)?
-4
Let p(t) = -t**2 - 14*t - 18. Let n be p(-12). Let v = 34 + -13. Suppose v = 5*h + n. Let f(g) = g + 1. Determine f(h).
4
Let q(d) = -7*d**3 + d**2 + 15*d + 2. Let s(i) = 3*i**3 - i**2 - 7*i - 1. Suppose -5*k - 5 + 15 = 0. Let f(j) = k*q(j) + 5*s(j). What is f(4)?
-5
Let b(z) = -z**2 - 4*z. Let g be (-4)/(-1) - (-1)/(-1). Suppose 0 = 4*m - 5*f - 49, g*m - 2 = 4*f + 36. Suppose 2*h - 5 = -d, -m*h + 20 = -h. Determine b(d).
3
Suppose 4*q - 14 = 10. Suppose -2*i = 4*d + 14, -d + 0 = i + q. Let l(j) = j**2 + 2*j - 6. What is l(i)?
9
Let u be 0 - 1 - -8 - 2. Let m(a) = -13*a - 25. Let q be m(-2). Suppose u*y - 4*b = b - 40, -3*y + q = 2*b. Let t(w) = w**2 - 1. Give t(y).
8
Let d(r) be the second derivative of r**5/20 + 5*r**4/12 + 5*r**2/2 - 4*r - 26. Calculate d(-6).
-31
Let g(v) = -v**2 - 3*v + 10. Suppose -2*w - 5*s = -37, -47*w + 4*s = -51*w + 44. What is g(w)?
-44
Let g(r) = r**2 - 10*r - 15. Suppose -430 = -45*l + 155. Give g(l).
24
Let c(k) = 2*k**2 - 3. Let s be c(2). Suppose -3*d + 0*r + 10 = s*r, 0 = -d + 4*r - 25. Let p(g) = g**3 + 4*g**2 - 6*g + 3. Give p(d).
8
Let j be 14 + -1 - (18 + -7). Let c(x) = 2*x**3 - 2*x**2 - 3*x + 4. Determine c(j).
6
Suppose 6*h = 7*h - 2. Suppose 0 = h*v - 2*q + 6, 4*v + 6*q - 12 = 2*q. Let i(a) = -a - 4 + 2*a + 2 + v*a + a**2. Determine i(0).
-2
Let x(i) = -i**3 + 8*i**2 + 9*i - 75. Let c be x(8). Let y(t) = 6*t - 1. What is y(c)?
-19
Let d(g) = 6*g - 3*g + 2 + 2*g - 2*g - 2*g. Determine d(-5).
-3
Let g(j) be the third derivative of j**4/24 - 2*j**3/3 - 24*j**2 + 2*j. Let y be (3/3)/((-2)/(-18)). Give g(y).
5
Suppose -63*u + 76 = -101*u. Let v(t) = -t**3 - t**2 + 2*t. What is v(u)?
0
Let z(g) = -5*g - 5. Let d(h) = -11*h - 9. Let u(j) = 6*d(j) - 13*z(j). Let n be u(5). Let p(l) = n*l + 5 - 12*l + 0 + 7*l. Determine p(-6).
-1
Let d(n) be the first derivative of n**4/4 + n**3/3 - n**2/2 + 4*n + 18. What is d(0)?
4
Let b be (10/(-3) - -3)*-15. Let f(z) = 5 - b - 498*z**2 + 508*z**2. Give f(1).
10
Suppose -4*a - 3*a + 28 = 0. Suppose 0 = -a*m - 0*t + t + 14, -m + 5*t = 6. Let u(g) = 2*g + 1. Give u(m).
9
Let v(d) = -6*d + 1. Let k be v(0). Let g be 2/k + 0 + 7. Let p(c) = c**2 - 10*c + 3. Determine p(g).
-6
Let l(c) be the first derivative of -c**4/4 - c**3 - c**2 - c + 13. Determine l(-3).
5
Let q(z) = z - 8. Let o be 2/(-2) - (-9 + 4). Let n(p) = 10*p - 1 - 9*p - 6. Let b(h) = o*q(h) - 5*n(h). What is b(5)?
-2
Let g(a) be the first derivative of 3*a**2 + 5*a - 83. Calculate g(8).
53
Let d be ((-3)/(-5))/((-1)/5). Let w(x) = -x - 1. Let y be w(d). Let m(b) = b - 1. Let j(i) = i**2 - 5*i + 3. Let s(h) = -j(h) - 3*m(h). What is s(y)?
0
Suppose 0 = i + 16 - 21. Suppose -33 + 8 = i*u. Let g(t) = t**3 + 4*t**2 - 7*t - 5. Determine g(u).
5
Let z(t) be the third derivative of -1/60*t**5 + 0*t + 1/6*t**3 + 2*t**2 - 1/24*t**4 + 0. Let w be (-12)/(-15) - 38/10. What is z(w)?
-5
Let j(c) = -2*c - 49. Let z be j(-26). Let r(o) = 6 + z*o - 3 - 11. Let y be 13/2 + 1/(-2). Calculate r(y).
10
Let t(b) be the third derivative of 1/6*b**3 + 0*b + 0 + 19*b**2 - 1/24*b**4. Give t(1).
0
Let t be (6 + 52/(-8))*-4. Let u(h) be the second derivative of -h**3 - 7*h + 0 + 1/12*h**4 + 7/2*h**t. Give u(5).
2
Let y(i) = 2*i**2 + i - 1. Let r(d) = -4*d**2 - 2*d + 2. Let c(f) = 3*r(f) + 5*y(f). Let u(x) = -x + 7. Let g be u(6). What is c(g)?
-2
Let r(t) = -4*t